 base 15, what is -5 - c05d9?
-c05de
In base 11, what is -8 + 3877?
386a
In base 6, what is 2132 + -45?
2043
In base 10, what is -1 - 9052?
-9053
In base 3, what is -10002021 + 10000112?
-1202
In base 5, what is -10040110 + 2?
-10040103
In base 3, what is -1010212 + -201?
-1011120
In base 4, what is 12013233221 + 11?
12013233232
In base 2, what is 1001 - 1011010000?
-1011000111
In base 9, what is -5 + -680475?
-680481
In base 3, what is -10100 + -11102?
-21202
In base 9, what is 144 - -357?
512
In base 2, what is -11011 + -11110010100101010?
-11110010101000101
In base 8, what is 14763 + -23?
14740
In base 14, what is 19a + -b1?
c9
In base 15, what is -3 - 23e939?
-23e93c
In base 8, what is 20104 - 2?
20102
In base 12, what is 5 + -11a6?
-11a1
In base 3, what is 20101020112 + -2?
20101020110
In base 7, what is 46 - -162310?
162356
In base 13, what is -48 + 155?
10a
In base 6, what is -244133 - -4?
-244125
In base 3, what is -1201110210 + 22?
-1201110111
In base 13, what is 593b + 8?
5946
In base 4, what is 1010210313 + -10?
1010210303
In base 10, what is 2114178 - 0?
2114178
In base 4, what is -20121 - 2023?
-22210
In base 11, what is 438 - 2569?
-2131
In base 13, what is 4 + 5506?
550a
In base 12, what is 3a9 - -28b?
678
In base 4, what is 21 + -301010020?
-301003333
In base 4, what is 0 - 1021213300?
-1021213300
In base 16, what is -18e + ba?
-d4
In base 7, what is -2 + -6330502?
-6330504
In base 8, what is 3 - -75364?
75367
In base 15, what is -3a0 - 73?
-423
In base 2, what is 11001011 + -10000010?
1001001
In base 8, what is -1456 + 254?
-1202
In base 16, what is 19490 - 2?
1948e
In base 14, what is 6b194 - -4?
6b198
In base 13, what is -1136 - -7?
-112c
In base 14, what is -4 + -a7c68?
-a7c6c
In base 6, what is 4353514 + 2?
4353520
In base 2, what is -11010 + -1101010101101000?
-1101010110000010
In base 11, what is 11a9 - 91?
1118
In base 2, what is 1 + -101101010100010101?
-101101010100010100
In base 7, what is -303326 - 14?
-303343
In base 3, what is 120 - -22000021?
22000211
In base 13, what is -575 - -ca?
-478
In base 7, what is -10 + -2642326?
-2642336
In base 5, what is 323113 + 10?
323123
In base 5, what is -244 - 14023?
-14322
In base 14, what is 25 - -880d?
8834
In base 15, what is 1e + 236d?
238c
In base 8, what is 257 + -572?
-313
In base 6, what is -1 - 454215?
-454220
In base 8, what is 5 - 5572461?
-5572454
In base 14, what is -23c84 - -3?
-23c81
In base 7, what is 620020 + 30?
620050
In base 3, what is 11 - 102022102000?
-102022101212
In base 12, what is -19 - 96?
-b3
In base 15, what is -a2b3 + -5?
-a2b8
In base 3, what is -110 - 201122000?
-201122110
In base 7, what is 0 + -561040?
-561040
In base 6, what is 22 + -1045403?
-1045341
In base 7, what is 1450 - -22?
1502
In base 10, what is 0 - 185356?
-185356
In base 15, what is 9a8d - -1?
9a8e
In base 6, what is -15430 + -12?
-15442
In base 11, what is 231 - 612?
-391
In base 11, what is -78 - 148?
-215
In base 11, what is -2 - 84614?
-84616
In base 10, what is -2 - 361?
-363
In base 14, what is -12a + 3c0?
294
In base 14, what is -5 + -27989?
-27990
In base 10, what is 5 - -9740?
9745
In base 12, what is 1a - 2345?
-2327
In base 9, what is 3054 + 6?
3061
In base 15, what is 8e06 + 6?
8e0c
In base 10, what is 6056 + 3?
6059
In base 6, what is 124 + -120114?
-115550
In base 11, what is -3 - 117303?
-117306
In base 12, what is 278ba0 - 0?
278ba0
In base 15, what is -84d + -79?
-8c7
In base 7, what is -426 + 5611?
5152
In base 12, what is -7 + -14290?
-14297
In base 3, what is -211 + 112?
-22
In base 5, what is 113 + -40433?
-40320
In base 11, what is 1925 - -46a?
2294
In base 5, what is 30222 + 13331?
44103
In base 12, what is a2 - 2840?
-275a
In base 12, what is 144 - -b92?
1116
In base 9, what is -506 - 701?
-1307
In base 10, what is 3 + -51655?
-51652
In base 13, what is 60b - -12c?
73a
In base 13, what is -25c + 18?
-244
In base 14, what is 36c8 + -6?
36c2
In base 7, what is -65302 + 11?
-65261
In base 16, what is -308 - -34?
-2d4
In base 2, what is -101 - 11100110101010110011?
-11100110101010111000
In base 8, what is 5 - 514?
-507
In base 7, what is 1 + 222335?
222336
In base 4, what is -123 + -20023?
-20212
In base 9, what is -5 + -626375?
-626381
In base 11, what is 5 - -a50a?
a514
In base 4, what is -3 - 101020021?
-101020030
In base 12, what is -3a - 734?
-772
In base 12, what is 13b8 - 26?
1392
In base 7, what is -34651513 - 4?
-34651520
In base 4, what is 2220 - 22?
2132
In base 10, what is -7633564 + -3?
-7633567
In base 10, what is 3875588 + 5?
3875593
In base 16, what is 15b + 48?
1a3
In base 3, what is -11220121 - -2?
-11220112
In base 3, what is 22221121 - -1?
22221122
In base 6, what is -323 + 1400?
1033
In base 10, what is 2 - 450?
-448
In base 15, what is 3 + 4e47?
4e4a
In base 14, what is -2451d + -3?
-24522
In base 8, what is -37 - 23755?
-24014
In base 6, what is -1522 - -1531?
5
In base 13, what is -4 - -5887?
5883
In base 3, what is -210200100221100 + 0?
-210200100221100
In base 5, what is -131222 + 13?
-131204
In base 4, what is 21223001 - 111?
21222230
In base 5, what is -1243 - -12043?
10300
In base 4, what is -10022101 - 12?
-10022113
In base 10, what is 6 - 34522?
-34516
In base 6, what is 44403 - 14?
44345
In base 6, what is -13 + -5155514?
-5155531
In base 3, what is -2221010 - -111012?
-2102221
In base 8, what is -2 - -21127?
21125
In base 16, what is -6f39 - 40?
-6f79
In base 7, what is 1 + -230224?
-230223
In base 15, what is 360 + -57?
308
In base 7, what is 321252 + 5?
321260
In base 6, what is 530 - -525?
1455
In base 12, what is 306a79 + 3?
306a80
In base 7, what is 4 - -136641?
136645
In base 10, what is 4 - 19844?
-19840
In base 10, what is 70 + -145?
-75
In base 16, what is -3d9 + 131?
-2a8
In base 16, what is d4cb7 + -5?
d4cb2
In base 12, what is -b43 - 160?
-10a3
In base 8, what is -3 + 3746?
3743
In base 7, what is 44 - 461?
-414
In base 12, what is -139 - 3301?
-343a
In base 5, what is 4200 - 1340?
2310
In base 16, what is -7a - 1032?
-10ac
In base 7, what is 43213 + 0?
43213
In base 12, what is -55a + -119?
-677
In base 8, what is -115676 - 0?
-115676
In base 3, what is -11 - -110010?
102222
In base 7, what is -10504361 + -4?
-10504365
In base 9, what is 32 - 32220?
-32177
In base 8, what is 162411 + 2?
162413
In base 14, what is 2 - -dd57?
dd59
In base 9, what is 255326 + 2?
255328
In base 4, what is -113130 + -1?
-113131
In base 16, what is -3f2 + 59f?
1ad
In base 14, what is 4c + 25?
73
In base 3, what is -201 - 1022022021?
-1022022222
In base 10, what is -372 - 231?
-603
In base 15, what is -42217 - 4?
-4221b
In base 16, what is 203 + -8ec?
-6e9
In base 6, what is -4 + -150540?
-150544
In base 14, what is 4 - 23c0?
-23ba
In base 14, what is 4b7 - a?
4ab
In base 10, what is -6 - 320909?
-320915
In base 15, what is 4 + 8c7?
8cb
In base 10, what is 10489 + 26?
10515
In base 9, what is 2562 - -285?
2857
In base 14, what is 0 - dac11?
-dac11
In base 6, what is 125023 + -2?
125021
In base 4, what is -32111 - -11001?
-21110
In base 2, what is 11 - -101111100101011?
101111100101110
In base 13, what is -280 + -2a4c?
-2ccc
In base 12, what is -a3208 + 5?
-a3203
In base 3, what is -12222 - 0?
-12222
In base 10, what is -4984 - 197?
-5181
In base 13, what is -44c44 - -1?
-44c43
In base 2, what is -10001100110111 + -111110?
-10001101110101
In base 16, what is -5e + -164?
-1c2
In base 12, what is -18 + 75b63?
75b47
In base 2, what is -1100100101100 - -100?
-1100100101000
In base 9, what is 4447 - -1?
4448
In base 15, what is -1 - 3963?
-3964
In base 9, what is -3618044 + -3?
-3618047
In base 2, what is 10 + -1100101000110010110?
-1100101000110010100
In base 8, what is -11436561 + 0?
-11436561
In base 13, what is 1442 + 4?
1446
In base 4, what is -11 - -32330332?
32330321
In base 7, what is 55253 - 10?
55243
In base 2, what is -101 + -10001010011000?
-10001010011101
In base 15, what is -98 - -2e7?
24e
In base 8, what is 77 + -241?
-142
In base 3, what is -200020122 + 11?
-200020111
In base 6, what is -202120 + 4?
-202112
In base 9, what is 45 + -6?
38
In base 11, what is 191 - -2a3?
484
In base 15, what is -642ed + -3?
-64301
In base 12, what is -2 + -1a259?
-1a25b
In base 9, what is 5 + -474254?
-474248
In base 13, what is 2522 + -3?
25